ase 2
1111100111000011011
Convert 52602 (base 8) to base 13.
9c6b
842968 (base 10) to base 7
10110430
What is 14635011 (base 7) in base 6?
50031323
Convert 1003422403 (base 5) to base 2.
111101011101110010111
Convert -13418617 (base 9) to base 6.
-354005411
What is 22000001200 (base 3) in base 7?
1224132
-3631314 (base 9) to base 7
-22511233
Convert -4218403 (base 10) to base 2.
-10000000101111000100011
Convert -375622 (base 14) to base 6.
-104355502
What is 25000c (base 16) in base 2?
1001010000000000001100
What is -2213013220 (base 4) in base 8?
-2470750
-244332041 (base 5) to base 3
-2012022212210
What is -b8ab5 (base 13) in base 12?
-141069
Convert 34464 (base 16) to base 5.
23322431
Convert -98b9b (base 15) to base 11.
-301633
Convert -3002224 (base 8) to base 3.
-1111000101112
What is -454333 (base 6) in base 12?
-1a3a9
Convert 2010224040 (base 5) to base 7.
45635431
421243255 (base 6) to base 16
701933
Convert 201120122211111 (base 3) to base 2.
100111101100011011111000
What is -121643 (base 7) in base 8?
-53405
52072 (base 8) to base 3
1002120121
Convert -155832 (base 15) to base 10.
-1031222
Convert -c12 (base 15) to base 5.
-41332
What is 415112123 (base 6) in base 3?
111121220002220
Convert -73dd74 (base 16) to base 12.
-2662358
-988429 (base 10) to base 4
-3301110031
-1385121 (base 9) to base 6
-24220501
Convert -134944 (base 10) to base 6.
-2520424
What is 230022002 (base 4) in base 6?
3513202
What is -10312430 (base 5) in base 8?
-254652
Convert 3158526 (base 10) to base 16.
3031fe
What is -1423671 (base 9) in base 4?
-2333102020
41303015 (base 6) to base 14
22db59
What is 12021221221210 (base 3) in base 6?
140151203
Convert -13a20 (base 12) to base 6.
-330440
-5561632 (base 7) to base 5
-133443341
What is -41c47 (base 15) in base 8?
-627402
14272433 (base 8) to base 5
1312204433
Convert 4366452 (base 7) to base 4.
2003101302
What is -bcada (base 14) in base 11?
-292931
-55421 (base 13) to base 4
-211231331
What is 12454206 (base 7) in base 5?
242431200
What is -1e036 (base 16) in base 4?
-132000312
10011000110100110 (base 2) to base 6
1402130
-5060054 (base 7) to base 11
-3818a0
Convert -2076436 (base 8) to base 7.
-4504630
656056 (base 7) to base 2
11100000100000010
-100010110010000110110110 (base 2) to base 3
-122011020201200
12608d (base 15) to base 7
10326352
What is -11001010001110 (base 2) in base 9?
-18670
-45351620 (base 8) to base 14
-143850c
-3035553 (base 6) to base 12
-6bbb9
Convert 54522154 (base 6) to base 14.
305578
Convert -130331312112 (base 4) to base 9.
-15253123
523556 (base 8) to base 15
36809
Convert -1525134 (base 7) to base 12.
-a0643
Convert -2623330 (base 7) to base 16.
-5387b
32201030131 (base 4) to base 2
1110100001001100011101
Convert 18b2cb (base 15) to base 7.
13134533
What is -326205 (base 10) in base 8?
-1175075
796877 (base 13) to base 3
12101211220102
What is -6e6d5 (base 15) in base 16?
-56126
What is 1a37144 (base 12) in base 6?
314532524
What is 44415 (base 6) in base 12?
370b
What is -3320500 (base 6) in base 2?
-101000100010110100
Convert 10120000330 (base 4) to base 6.
40325524
-122200202333 (base 4) to base 7
-113031431
What is -188333 (base 13) in base 4?
-2112312302
-1cabcb6 (base 13) to base 10
-9594279
Convert -122021121020 (base 3) to base 15.
-6abbc
What is -202011112012002 (base 3) in base 14?
-15cdd1d
What is 210281 (base 9) in base 11?
85920
-230232 (base 8) to base 3
-10221222002
What is 93928 (base 15) in base 16?
72365
Convert 18024b5 (base 12) to base 6.
254431145
What is -1211210102 (base 3) in base 15?
-ab4e
Convert 104763 (base 8) to base 3.
1210102222
968a6 (base 13) to base 7
2211120
Convert -331737 (base 9) to base 15.
-3daaa
What is -2522577 (base 8) in base 13?
-1b5774
Convert 366690 (base 10) to base 12.
158256
Convert 31205 (base 14) to base 2.
11100111001110101
What is -12b559 (base 13) in base 6?
-13415313
What is 66141 (base 11) in base 4?
113123332
Convert 41234 (base 10) to base 2.
1010000100010010
Convert -3626005 (base 10) to base 12.
-126a471
-21120001002001 (base 3) to base 15
-544e61
Convert -10111100000011000010001 (base 2) to base 16.
-5e0611
-96923 (base 10) to base 15
-1dab8
Convert 13200123203 (base 4) to base 3.
10200222101002
What is 102221112212221 (base 3) in base 9?
12845787
2110011100022 (base 3) to base 16
13dee5
Convert -102122012111002 (base 3) to base 6.
-340315432
-121313 (base 9) to base 4
-101313003
Convert 1382085 (base 13) to base 12.
2098893
Convert 21011210010022 (base 3) to base 10.
3814217
What is -20111011011 (base 3) in base 5?
-13041222
What is 361996 (base 11) in base 10?
573524
1c36090 (base 13) to base 16
8f25bb
-3210120101 (base 4) to base 13
-269a20
-c9c7c (base 13) to base 2
-1011001000001011100
Convert -31032001102 (base 4) to base 9.
-6461441
What is 16056040 (base 7) in base 11?
964748
1a3233 (base 11) to base 2
1001100000110110100
Convert 3a803 (base 15) to base 4.
231300210
-5c578 (base 15) to base 10
-294863
Convert -15e053 (base 15) to base 11.
-6642a0
What is -173513 (base 9) in base 7?
-625434
Convert 21457672 (base 8) to base 13.
c56313
Convert -30022131113 (base 4) to base 11.
-1888688
Convert 331210013111 (base 4) to base 7.
254114426
Convert -100010000111110110001101 (base 2) to base 3.
-121211110021200
What is -136204 (base 10) in base 15?
-2a554
Convert -54772 (base 9) to base 16.
-8e01
What is 24125355 (base 6) in base 10?
758087
What is -246545 (base 7) in base 13?
-17972
165894 (base 10) to base 4
220200012
What is 4034101 (base 5) in base 11?
44841
What is -23130012003 (base 4) in base 16?
-2dc183
-1ab7aa9 (base 12) to base 9
-11671863
What is -39569 (base 10) in base 12?
-1aa95
Convert -393b6a (base 13) to base 7.
-14503524
What is 26d42 (base 14) in base 16?
1769e
Convert 1060290 (base 13) to base 7.
60326160
11c157 (base 13) to base 4
1220013123
-1111100110000111001 (base 2) to base 7
-4225615
Convert -2001346 (base 7) to base 11.
-1511a4
56cc67 (base 13) to base 7
23323032
Convert -20bb0 (base 12) to base 14.
-11a4c
Convert -1001110110100101101001 (base 2) to base 9.
-4766046
What is 65990 (base 16) in base 6?
12530332
Convert 4678131 (base 9) to base 7.
30343465
Convert -857052 (base 11) to base 10.
-1370987
What is -451013513 (base 6) in base 12?
-289a299
Convert -13aa16 (base 14) to base 15.
-d7347
Convert 10105415 (base 6) to base 16.
468b3
Convert 13312223 (base 4) to base 16.
7dab
Convert 32013210113 (base 4) to base 6.
211154155
Convert 18fb3 (base 16) to base 3.
12012100202
-202022100012 (base 3) to base 16
-6197c
Convert 110010100110011010 (base 2) to base 4.
302212122
What is -346472 (base 13) in base 14?
-244918
Convert 2022002020111 (base 3) to base 16.
12a55b
Convert -11020303 (base 5) to base 9.
-154372
Convert 1445507 (base 8) to base 5.
101144422
Convert 1dd5b3 (base 15) to base 7.
15301224
Convert 3142105 (base 8) to base 5.
203233202
Convert -36528 (base 11) to base 9.
-80062
What is -232222 (base 14) in base 12?
-49871a
Convert 8105a (base 11) to base 8.
347374
Convert -1441422440 (base 5) to base 4.
-32231313032
-47506 (base 11) to base 2
-10000101110001100
Convert -6542 (base 16) to base 4.
-12111002
What is -1494aa2 (base 11) in base 4?
-21233211010
5626a (base 16) to base 8
1261152
What is 26a20 (base 12) in base 8?
150070
-1327704 (base 8) to base 9
-627184
What is -808829 (base 10) in base 12?
-3300a5
Convert 2563351 (base 7) to base 11.
209721
Convert 239ecc (base 15) to base 10.
1704342
Convert -409cd (base 14) to base 2.
-100101111111011001
Convert -581b2c (base 13) to base 5.
-1013322142
Convert -66d5c8 (base 16) to base 8.
-31552710
What is 53ab5 (base 12) in base 6?
2211145
Convert -312252 (base 8) to base 4.
-121102222
Convert -3610a89 (base 11) to base 6.
-342544253
Convert -499578 (base 13) to base 14.
-33c682
Convert a9169 (base 11) to base 3.
22001112112
What is 302230420 (base 5) in base 12?
4a5028
-9933 (base 12) to base 2
-100000111110111
What is -105101432 (base 7) in base 14?
-bbb819
What is -316881 (base 9) in base 2?
-101110000110000011
What is -3141a72 (base 11) in base 16?
-547c96
What is 989496 (base 10) in base 5?
223130441
2858556 (base 9) to base 11
985933
101000011011010010 (base 2) to base 10
165586
What is 13d888 (base 14) in base 2?
1010100010